46*b - 2307. Give x(23).
-191
Let t(m) = 2*m**2 - 159*m - 103. Determine t(76).
-635
Let v(z) = 377*z**2 + 7761*z - 3280. Determine v(-21).
-4
Let f(b) = 3*b**3 - 674*b**2 - 2281*b + 222. Determine f(228).
-6
Let g(b) = -225*b**2 - 23*b - 15. Determine g(-1).
-217
Let o(v) = v**3 + 10*v**2 + 1067*v + 8441. What is o(-8)?
33
Let i(n) = n**3 + 69*n**2 + 56*n + 60. Give i(-68).
876
Let b(h) = -3*h**3 - 60*h + 230. What is b(0)?
230
Let c(d) = 14*d**2 - 162*d + 655. Calculate c(6).
187
Let r(t) = 2*t**3 + 6*t**2 - 45*t + 40. Determine r(5).
215
Let q(m) = 21*m**2 - 474*m - 2868. Calculate q(-5).
27
Let g(q) = -27049*q - 18853157. Give g(-697).
-4
Let c(h) = h**3 - 112*h**2 - 10782*h - 1049. What is c(174)?
-5
Let w(f) = -452*f + 82737. What is w(183)?
21
Let q(x) = -x**3 - 41*x**2 + 45*x - 4968. What is q(-45)?
1107
Let v(u) = u**2 + 75*u + 929. Calculate v(-49).
-345
Let u(w) = -w**3 - 65*w**2 + 201*w - 318. Determine u(-68).
-114
Let y(j) = -7354*j + 22007. Determine y(3).
-55
Let l(o) = 119*o - 3218. Give l(29).
233
Let b(h) = -4*h**2 - 6772*h + 1169829. Calculate b(158).
-3
Let j(d) = -3*d**2 + 419*d + 30880. What is j(193)?
0
Let t(w) = -2*w**2 + 388*w - 7260. Give t(173).
6
Let k(w) = 11311*w - 486367. Calculate k(43).
6
Let y(l) = -6477*l - 161150. Give y(-25).
775
Let g(v) = 2*v**2 + 223*v + 6405. What is g(-49)?
280
Let n(l) = -l**3 + 230*l**2 + 344*l - 131518. Determine n(229).
-301
Let t(c) = 2*c**3 + 21*c**2 + 63*c + 306. Give t(-9).
-18
Let t(f) = -423*f - 4436. Calculate t(-11).
217
Let c(u) = -u**3 + 19*u**2 - 22*u + 70. What is c(18)?
-2
Let i(v) = 90122*v - 180216. What is i(2)?
28
Let t(j) = -47*j**2 - 30017*j + 40320. Give t(-640).
0
Let w(b) = -148*b**2 - 1231*b + 2504. Give w(-10).
14
Let b(r) = 63369*r - 2091180. What is b(33)?
-3
Let o(f) = f**3 + 210*f**2 - 491*f - 13993. Give o(-212).
211
Let u(j) = 21605*j - 410502. Determine u(19).
-7
Let n(y) = y**3 - 21*y**2 - 2148*y + 43293. Give n(20).
-67
Let h(p) = p**3 + 95*p**2 - 1048*p + 135. Give h(-105).
-75
Let x(m) = 23338*m - 5204379. Give x(223).
-5
Let d(x) = 85701*x - 170937. Calculate d(2).
465
Let v(y) = -y**3 + 6*y**2 - 16*y + 19. Calculate v(9).
-368
Let u(y) = y**3 - 13825*y + 27652. What is u(2)?
10
Let b(h) = -7*h**3 + 34*h**2 - 59*h + 297. Determine b(5).
-23
Let m(w) = -1105*w - 498836. Determine m(-451).
-481
Let t(c) = -2*c**2 - 1390*c - 131278. Determine t(-113).
254
Let f(u) = -332*u - 18498. Give f(-54).
-570
Let q(x) = -9*x**3 - 519*x**2 + 115*x - 3452. Calculate q(-58).
-30
Let v(m) = -m**2 - 227*m - 4376. Give v(-206).
-50
Let y(x) = -30*x**2 - 383*x - 43. Calculate y(-15).
-1048
Let a(f) = -29*f**2 + 299*f - 1470. What is a(5)?
-700
Let o(c) = 451*c + 3775. Determine o(-8).
167
Let n(h) = -3*h**3 - 36*h**2 - 139*h - 226. Determine n(-6).
-40
Let r(t) = 2*t**3 + 596*t**2 - 2952*t + 23629. Give r(-303).
-5
Let p(c) = -c**2 - 14*c - 112. Determine p(-7).
-63
Let a(g) = -1086*g + 5346. What is a(5)?
-84
Let x(m) = -m**3 - 29*m**2 + 11959*m + 335703. Give x(-28).
67
Let z(x) = -2601*x - 454. What is z(1)?
-3055
Let n(p) = 5494*p + 33015. Give n(-6).
51
Let h(p) = 7*p**3 + 19*p**2 + 87*p - 26. Give h(-6).
-1376
Let o(p) = -p**3 + 74*p**2 + 654*p - 698. Give o(82).
-862
Let k(v) = -5761*v - 69117. Give k(-12).
15
Let h(p) = -p**2 + 512*p - 6111. Determine h(12).
-111
Let v(m) = 409*m + 18412. Calculate v(-43).
825
Let v(k) = -964*k - 11836. Give v(-11).
-1232
Let p(m) = 538*m**2 + 1586*m - 93. Give p(-3).
-9
Let i(d) = 62*d**2 + 7*d + 148. What is i(-6)?
2338
Let j(r) = r**3 - 511*r**2 + 1531*r - 3566. Give j(508).
-10
Let k(x) = -2042*x + 36744. Determine k(18).
-12
Let y(o) = -187223*o + 13105618. What is y(70)?
8
Let x(t) = -6*t**3 - 697*t**2 - 124*t - 949. What is x(-116)?
-21
Let b(d) = -d**2 + 5459*d - 1172650. Calculate b(224).
-10
Let r(i) = i**2 - 1580*i + 131330. Give r(88).
34
Let f(o) = -o**3 + 2*o**2 - 724*o + 2927. Calculate f(4).
-1
Let l(g) = -14*g**3 + 1010*g**2 - 154*g + 753. What is l(72)?
33
Let y(m) = 2*m**3 + 45*m**2 - 31*m + 537. Give y(-24).
-447
Let v(j) = -108725*j + 760941. What is v(7)?
-134
Let p(k) = -2*k**3 - 341*k**2 - 2757*k - 495. Give p(-162).
-9
Let a(k) = -92*k - 2916. Determine a(-27).
-432
Let i(c) = 139*c - 4719. Give i(20).
-1939
Let b(c) = 7*c**3 + 36*c**2 - 1074*c - 7312. What is b(-8)?
0
Let t(x) = 800*x**2 - 4891*x + 10. What is t(6)?
-536
Let z(f) = 6904*f + 13809. What is z(-2)?
1
Let s(w) = -53*w**2 + 607*w + 4443. Calculate s(-5).
83
Let y(d) = -9503*d + 96666. Determine y(11).
-7867
Let o(z) = 3*z**2 + 208*z - 10388. What is o(-103)?
15
Let t(k) = k**2 + 79*k - 1284. Give t(-87).
-588
Let y(b) = 4*b**2 + 75*b + 571. Determine y(-10).
221
Let t(u) = -11*u**2 - 123*u - 74. Determine t(-8).
206
Let k(r) = -r**3 + 66*r**2 + 423*r + 627. Determine k(72).
-21
Let b(z) = z**3 + 414*z**2 + 1943*z - 474. Calculate b(-5).
36
Let p(y) = -22*y**3 + 34*y**2 + 110*y - 20. What is p(-4)?
1492
Let w(c) = 6604*c**2 + 46219*c - 67. Determine w(-7).
-4
Let u(g) = 1318*g - 26330. Calculate u(20).
30
Let v(u) = 43*u**2 + 650*u + 1068. What is v(-2)?
-60
Let m(p) = 1923*p + 103834. What is m(-54)?
-8
Let j(c) = -c**2 + 24*c + 84. Determine j(35).
-301
Let l(w) = 32*w**3 + 3*w**2 - 9*w - 11. What is l(-2)?
-237
Let n(k) = 2*k**2 + 455*k + 10933. What is n(-206)?
2075
Let h(m) = 67*m**2 + 6007*m + 9772. Determine h(-88).
4
Let r(n) = -39779*n + 2386806. What is r(60)?
66
Let j(w) = 3689*w - 121762. Calculate j(33).
-25
Let v(j) = -11*j**2 + 209*j - 45. Give v(19).
-45
Let q(j) = -1576*j + 852598. Calculate q(541).
-18
Let n(p) = 4620*p + 272681. What is n(-59)?
101
Let b(q) = -157*q**2 - 5805*q + 188. Determine b(-37).
40
Let k(m) = 35*m**2 - 1997*m + 5978. What is k(3)?
302
Let c(v) = -4*v**3 - 354*v**2 - 178*v - 176. Calculate c(-88).
0
Let q(l) = -197*l + 5179. Determine q(42).
-3095
Let k(v) = 150053*v - 300106. What is k(2)?
0
Let b(y) = 2*y**3 + 842*y**2 + 9818*y - 15. What is b(-12)?
-39
Let r(c) = -219*c + 3539. Calculate r(18).
-403
Let p(u) = 7*u**2 + 198*u - 12252. Give p(30).
-12
Let w(r) = -r**3 - 62*r**2 + 978*r - 357. What is w(13)?
-318
Let p(f) = 379*f + 87620. Calculate p(-231).
71
Let f(w) = -w**3 + 29*w**2 + 268*w - 72. Give f(0).
-72
Let b(i) = 2*i**2 - 4783*i + 680818. Calculate b(152).
10
Let d(r) = -2725771*r - 13628859. What is d(-5)?
-4
Let y(v) = -v**2 + 25286*v + 202315. Calculate y(-8).
-37
Let c(w) = w**3 - 18*w**2 - 880*w + 23. What is c(40)?
23
Let n(l) = -397*l - 23927. What is n(-60)?
-107
Let z(a) = -1191*a + 4752. What is z(4)?
-12
Let w(f) = -f**3 - 28*f**2 + 986*f + 27348. What is w(-27)?
-3
Let j(m) = 833*m + 2637. Calculate j(-4).
-695
Let i(p) = 23549*p - 188444. What is i(8)?
-52
Let n(o) = -21354*o + 42734. Give n(2).
26
Let v(p) = 375*p**2 + 2237*p - 34. What is v(-6)?
44
Let y(s) = -3*s**2 + 45*s - 454. Calculate y(17).
-556
Let w(f) = -f**3 - 27*f**2 - 23*f - 1429. Calculate w(-28).
-1
Let w(a) = -a**2 + 3531*a + 35470. Calculate w(-10).
60
Let i(t) = t**3 - 49*t**2 + 405*t - 260. What is i(10)?
-110
Let x(g) = 3135*g**2 + 37614*g - 136. Determine x(-12).
-64
Let y(a) = -66593*a - 66652. Determine y(-1).
-59
Let v(x) = -x**2 + 85*x - 1507. Determine v(27).
59
Let s(q) = -389*q**2 + 129*q - 261. What is s(2)?
-1559
Let k(v) = -2727*v - 229035. What is k(-84)?
33
Let y(z) = -14*z**3 + 6*z**2 + 376*z - 783. Calculate y(2).
-119
Let m(x) = -x**3 + 24*x**2 + 37*x - 687. What is m(22)?
1095
Let a(v) = -v**3 - 273*v**2 + 519*v - 8083. Give a(-275).
442
Let p(b) = -9662*b + 241500. Determine p(25).
-50
Let t(r) = 9*r**2 - 2751*r + 8232. Determine t(3).
60
Let v(o) = -o**2 + 50139*o + 1203911. Determine v(-24).
-1
Let k(w) = w**2 + 201*w - 8564. Determine k(34).
-574
Let z(d) = d**3 - 27*d**2 - 346*d + 9538. Calculate z(26).
-134
Let c(k) = -9*k**2 + 573*k + 19979. Calculate c(-25).
29
Let r(f) = -14*f**2 + 272*f - 1459. Give r(17).
-881
Let u(q) = 1182*q + 51842. Calculate u(-44).
-166
Let i(p) = 47*p**3 - 426*p**2 + 100*p - 670. Give i(9).
-13
Let g(p) = p**3 + 25*p + 639. Give g(-10).
-611
Let v(w) = -6*w**3 + 17*w**2 + 9*w + 43. Determine v(0).
43
Let m(t) = 10*t**3 + 9*t**2 - 8*t + 17. Calculate m(5).
1452
Let b(x) = -x**3 + 157*x**2 + 2206*x - 105. Give b(170).
-785
Let q(m) = m**2 - 398